{"id":16,"date":"2015-02-06T17:25:03","date_gmt":"2015-02-06T17:25:03","guid":{"rendered":"http:\/\/www.cne.epilepsies.fr\/?page_id=16"},"modified":"2022-01-24T09:40:01","modified_gmt":"2022-01-24T09:40:01","slug":"les-membres-du-cne","status":"publish","type":"page","link":"https:\/\/www.cne.epilepsies.fr\/?page_id=16","title":{"rendered":"Membres"},"content":{"rendered":"<p style=\"text-align: center;\"><span style=\"font-family: verdana, geneva; font-size: 14pt;\"><a href=\"https:\/\/www.cne.epilepsies.fr\/wp-content\/uploads\/2015\/02\/ibe.png\"><img loading=\"lazy\" decoding=\"async\" class=\" size-full wp-image-27 aligncenter\" src=\"https:\/\/www.cne.epilepsies.fr\/wp-content\/uploads\/2015\/02\/ibe.png\" alt=\"ibe\" width=\"92\" height=\"119\" \/><\/a>Le CNE est le chapitre fran\u00e7ais de l\u2019IBE<br \/>\n(<a href=\"http:\/\/www.ibe-epilepsy.org\/\" target=\"_blank\" rel=\"noopener\">International Bureau for Epilepsy<\/a>)<\/span><\/p>\n<h1 class=\"western\">Les membres actifs :<\/h1>\n<p align=\"left\"><strong><span style=\"font-family: verdana,geneva;\"><span style=\"font-size: large;\">Epilepsie France<\/span><\/span><\/strong><strong><br \/>\n<\/strong><span style=\"font-family: verdana,geneva;\"><span style=\"font-size: medium;\">13 Rue Fr\u00e9micourt 75015 Paris T\u00e9l\u00a0: 01 53 80 66 64<\/span><\/span><span style=\"font-size: medium;\"><br \/>\n<\/span><span style=\"font-family: verdana,geneva;\"><span style=\"font-size: medium;\">e-<\/span><\/span><span style=\"font-family: verdana,geneva;\"><span style=\"font-size: medium;\">mail : <a href=\"mailto:contact@epilepsie-france.fr\">contact@epilepsie-france.fr<\/a><\/span><\/span>\u00a0 <span style=\"font-family: verdana,geneva;\"><span style=\"font-size: medium;\">site web:\u00a0 <a href=\"http:\/\/www.epilepsie-france.fr\/\" target=\"_blank\" rel=\"noopener\">www.epilepsie-france.fr<\/a><\/span><\/span><\/p>\n<p align=\"left\"><strong><span style=\"font-family: verdana,geneva;\"><span style=\"font-size: large;\">F<\/span><\/span><\/strong><strong><span style=\"font-family: verdana,geneva;\"><span style=\"font-size: large;\">ondation francaise pour la recherche sur l\u2019\u00e9pilepsie<br \/>\n<\/span><\/span><\/strong><span style=\"font-family: verdana,geneva;\"><span style=\"font-size: medium;\">Chercher, Informer, Accompagner<br \/>\n28 rue Tronchet 75009 PARIS T\u00e9l\u00a0: 01 47 83 65 36<br \/>\ne-mail : <a href=\"mailto:ffre@fondation-epilepsie.fr\">ffre@fondation-epilepsie.fr<\/a>\u00a0 site web: <a href=\"http:\/\/www.fondation-epilepsie.fr\/\" target=\"_blank\" rel=\"noopener\">http:\/\/www.fondation-epilepsie.fr\/<\/a><\/span><\/span><\/p>\n<p align=\"left\"><strong><span style=\"font-family: verdana,geneva;\"><span style=\"font-size: large;\">Ligue francaise contre l\u2019\u00e9pilepsie<br \/>\n<\/span><\/span><\/strong><span style=\"font-family: verdana,geneva;\"><span style=\"font-size: large;\">Correspondance: ANT Congr\u00e8s,<br \/>\nSecr\u00e9tariat LFCE<\/span><\/span> <span style=\"font-family: verdana,geneva;\"><span style=\"font-size: large;\">154 avenue de Lod\u00e8ve\u00a0 34070 Montpellier<br \/>\nTel\/Fax : 04 67 10 92 23\u00a0 <\/span><\/span><span style=\"font-family: verdana,geneva;\"><span style=\"font-size: large;\"><br \/>\n<\/span><\/span><span style=\"font-family: verdana,geneva;\"><span style=\"font-size: large;\">e-mail : <a href=\"mailto:secretariat-lfce@ant-congres.com\">secretariat-lfce@ant-congres.com<\/a><\/span><\/span> \u00a0 <span style=\"font-family: verdana, geneva, sans-serif;\">site web : <a href=\"https:\/\/www.epilepsie-info.fr\/\" target=\"_blank\" rel=\"noopener\">https:\/\/www.epilepsie-info.fr\/<\/a><\/span><\/p>\n<p align=\"left\"><strong><span style=\"font-family: verdana,geneva;\"><span style=\"font-size: large;\">F\u00e9d\u00e9ration d\u2019associations en faveur des personnes handicap\u00e9es par des \u00e9pilepsies s\u00e9v\u00e8res<\/span><\/span><\/strong><strong><span style=\"font-family: verdana,geneva;\"><span style=\"font-size: large;\"><a href=\"https:\/\/www.cne.epilepsies.fr\/wp-content\/uploads\/2015\/02\/Efappe-New-logo-1.jpg\"><br \/>\n<\/a><\/span><\/span><\/strong><span style=\"font-family: verdana,geneva;\"><span style=\"font-size: medium;\">36 rue St Robert\u00a0\u00a0 38120 St Egr\u00e8ve<br \/>\n<\/span><span style=\"font-size: large;\">e-mail : <a href=\"mailto:efappe@yahoo.fr\">efappe@yahoo.fr<\/a>\u00a0 site web : <a href=\"https:\/\/www.efappe.epilepsies.fr\/\" target=\"_blank\" rel=\"noopener\">https:\/\/efappe.epilepsies.fr<\/a>\u00a0 <\/span><\/span><span style=\"font-family: verdana,geneva;\"><span style=\"font-size: medium;\">Tel\u00a0: 06 09 72 28 51<\/span><\/span><\/p>\n<p align=\"justify\"><strong><span style=\"font-family: verdana,geneva;\"><span style=\"font-size: large;\">Club \u00c9pilepsieS<\/span><\/span><\/strong><br \/>\n<span style=\"font-family: verdana,geneva;\"><span style=\"font-size: large;\">Association de chercheurs, ing\u00e9nieurs, techniciens et cliniciens impliqu\u00e9s dans la recherche en \u00e9pilepsie. <\/span><\/span><\/p>\n<p align=\"left\"><strong>CNDEE \u2013\u00a0Comit\u00e9 National des Directeurs d\u2019Etablissements pour \u00c9pileptiques<br \/>\nJean-Paul NAUREILS,<br \/>\n<\/strong>Pr\u00e9sident du CNDEE MECSS de CASTELNOUVEL 31490 LEGUEVIN<br \/>\nTel\u00a0: 05 62 13 44 44\u00a0 fax\u00a0: 05 61 06 64 17<br \/>\ne-mail: <a href=\"mailto:jean-paul.naureils@ugecam-oc.cnamts.fr\">jean-paul.naureils@ugecam-oc.cnamts.fr<\/a><\/p>\n<h1 class=\"western\">Les membres associ\u00e9s :<\/h1>\n<p align=\"left\"><strong><span style=\"font-family: verdana,geneva;\"><span style=\"font-size: large;\">ARIANE pays de Loire<\/span><\/span><\/strong><br \/>\n<span style=\"font-family: verdana,geneva;\"><span style=\"font-size: large;\">6 Place de la Manu 44000 Nantes <\/span><\/span><span style=\"font-family: verdana,geneva;\"><span style=\"font-size: large;\">Tel\u00a0: <\/span><\/span><span style=\"font-family: verdana,geneva;\"><span style=\"font-size: large;\">06 26 53 65 99<br \/>\ne-mail: <a href=\"mailto:ariane-epilepsie@laposte.net\">ariane-epilepsie@laposte.net<\/a> site web: <a href=\"https:\/\/ariane-epilepsie.fr\/\" target=\"_blank\" rel=\"noopener\">https:\/\/ariane-epilepsie.fr\/<\/a><br \/>\n<\/span><\/span><\/p>\n<p align=\"left\"><strong><span style=\"font-family: verdana,geneva;\"><span style=\"font-size: large;\">Fondation ID\u00c9E<\/span><\/span><\/strong><br \/>\n<span style=\"font-family: verdana,geneva;\"><span style=\"font-size: large;\"><strong>Institut Des \u00c9pilepsiEs\u00a0 <\/strong>Fondation ID\u00c9E<br \/>\n59 bd Pinel 69500 Bron\u00a0\u00a0 T\u00e9l: 04 72 34 69 52 site web : <u><a class=\"x_liens\" href=\"http:\/\/idee-epilepsy.org\/\" target=\"_blank\" rel=\"nofollow noopener\">www.idee-epilepsy.org<\/a><\/u><\/span><\/span><\/p>\n<p><strong><span style=\"font-family: verdana,geneva;\"><span style=\"font-size: large;\">FAHRES centre de ressource handicap rare \u00e9pilepsie s\u00e9v\u00e8re. <\/span><\/span><br \/>\n<\/strong>25 avenue de la Bouterne \u2013 CS 9721\u00a0\u00a0 26602 Tain l\u2019Hermitage T\u00e9l : 09 69 36 86 46<br \/>\ne-mail : <a href=\"mailto:contact@fahres.fr\">contact@fahres.fr<\/a> site web: <a href=\"http:\/\/www.fahres.fr\/\" target=\"_blank\" rel=\"noopener\">http:\/\/www.fahres.fr\/<\/a><\/p>\n","protected":false},"excerpt":{"rendered":"<p>Le CNE est le chapitre fran\u00e7ais de l\u2019IBE (International Bureau for Epilepsy) Les membres actifs : Epilepsie France 13 Rue Fr\u00e9micourt 75015 Paris T\u00e9l\u00a0: 01 53 80 66 64 e-mail : contact@epilepsie-france.fr\u00a0 site web:\u00a0 www.epilepsie-france.fr Fondation francaise pour la recherche &hellip; <a class=\"more-link\" href=\"https:\/\/www.cne.epilepsies.fr\/?page_id=16\">Lire la suite <span class=\"meta-nav\">&rarr;<\/span><\/a><\/p>\n","protected":false},"author":11,"featured_media":0,"parent":223,"menu_order":4200,"comment_status":"closed","ping_status":"closed","template":"","meta":{"footnotes":""},"class_list":["post-16","page","type-page","status-publish","hentry"],"_links":{"self":[{"href":"https:\/\/www.cne.epilepsies.fr\/index.php?rest_route=\/wp\/v2\/pages\/16","targetHints":{"allow":["GET"]}}],"collection":[{"href":"https:\/\/www.cne.epilepsies.fr\/index.php?rest_route=\/wp\/v2\/pages"}],"about":[{"href":"https:\/\/www.cne.epilepsies.fr\/index.php?rest_route=\/wp\/v2\/types\/page"}],"author":[{"embeddable":true,"href":"https:\/\/www.cne.epilepsies.fr\/index.php?rest_route=\/wp\/v2\/users\/11"}],"replies":[{"embeddable":true,"href":"https:\/\/www.cne.epilepsies.fr\/index.php?rest_route=%2Fwp%2Fv2%2Fcomments&post=16"}],"version-history":[{"count":31,"href":"https:\/\/www.cne.epilepsies.fr\/index.php?rest_route=\/wp\/v2\/pages\/16\/revisions"}],"predecessor-version":[{"id":325,"href":"https:\/\/www.cne.epilepsies.fr\/index.php?rest_route=\/wp\/v2\/pages\/16\/revisions\/325"}],"up":[{"embeddable":true,"href":"https:\/\/www.cne.epilepsies.fr\/index.php?rest_route=\/wp\/v2\/pages\/223"}],"wp:attachment":[{"href":"https:\/\/www.cne.epilepsies.fr\/index.php?rest_route=%2Fwp%2Fv2%2Fmedia&parent=16"}],"curies":[{"name":"wp","href":"https:\/\/api.w.org\/{rel}","templated":true}]}}