{"id":46,"date":"2015-02-08T09:28:42","date_gmt":"2015-02-08T09:28:42","guid":{"rendered":"http:\/\/www.cne.epilepsies.fr\/?page_id=46"},"modified":"2025-04-04T07:26:38","modified_gmt":"2025-04-04T07:26:38","slug":"le-bureau-du-comite-national-pour-lepilepsie","status":"publish","type":"page","link":"https:\/\/www.cne.epilepsies.fr\/?page_id=46","title":{"rendered":"Bureau"},"content":{"rendered":"\n<p>Composition actuelle du bureau suite \u00e0 l&#8217;assembl\u00e9e g\u00e9n\u00e9rale du 2 avril 2025<\/p>\n\n\n<table style=\"text-align: left; width: 887px; height: 243px;\" border=\"1\" cellspacing=\"1\" cellpadding=\"1\">\n<tbody>\n<tr>\n<td style=\"width: 240px; font-weight: bold;\">Pr\u00e9sidente<\/td>\n<td style=\"width: 276px;\">Sophie DUPONT<\/td>\n<\/tr>\n<tr>\n<td style=\"width: 240px; font-weight: bold;\">Vice-pr\u00e9sident<\/td>\n<td style=\"width: 276px;\">Gilles GUIBERT<\/td>\n<\/tr>\n<tr>\n<td style=\"width: 240px; font-weight: bold;\">Tr\u00e9sorier<\/td>\n<td style=\"width: 276px;\">\n<p>Jean-Paul NAUREILS<\/p>\n<\/td>\n<\/tr>\n<tr>\n<td style=\"width: 240px; font-weight: bold;\">Tr\u00e9sorier adjoint<\/td>\n<td style=\"width: 276px;\">\n<p>Benoit MARTIN<\/p>\n<\/td>\n<\/tr>\n<tr>\n<td style=\"width: 240px; font-weight: bold;\">Secr\u00e9taire G\u00e9n\u00e9ral<\/td>\n<td style=\"width: 276px;\">Aymeric AUDIAU<\/td>\n<\/tr>\n<tr>\n<td style=\"width: 240px; font-weight: bold;\">Secr\u00e9taire adjointe<\/td>\n<td style=\"width: 276px;\">Fadila DEBOUZZA<\/td>\n<\/tr>\n<tr>\n<td style=\"width: 240px; font-weight: bold;\">Administrateurs<\/td>\n<td style=\"width: 276px;\">\n<p>Delphine DANNECKER<\/p>\n<p>Dominique FELTEN<\/p>\n<p>Norbert KHAYAT<\/p>\n<p>C\u00e9cile MARCHAL<\/p>\n<p>Sarah MORISSEAU<\/p>\n<p>Marion RICHARD<\/p>\n<\/td>\n<\/tr>\n<\/tbody>\n<\/table>","protected":false},"excerpt":{"rendered":"<p>Composition actuelle du bureau suite \u00e0 l&#8217;assembl\u00e9e g\u00e9n\u00e9rale du 2 avril 2025 Pr\u00e9sidente Sophie DUPONT Vice-pr\u00e9sident Gilles GUIBERT Tr\u00e9sorier Jean-Paul NAUREILS Tr\u00e9sorier adjoint Benoit MARTIN Secr\u00e9taire G\u00e9n\u00e9ral Aymeric AUDIAU Secr\u00e9taire adjointe Fadila DEBOUZZA Administrateurs Delphine DANNECKER Dominique FELTEN Norbert KHAYAT &hellip; <a class=\"more-link\" href=\"https:\/\/www.cne.epilepsies.fr\/?page_id=46\">Lire la suite <span class=\"meta-nav\">&rarr;<\/span><\/a><\/p>\n","protected":false},"author":11,"featured_media":0,"parent":223,"menu_order":4100,"comment_status":"closed","ping_status":"closed","template":"","meta":{"footnotes":""},"class_list":["post-46","page","type-page","status-publish","hentry"],"_links":{"self":[{"href":"https:\/\/www.cne.epilepsies.fr\/index.php?rest_route=\/wp\/v2\/pages\/46","targetHints":{"allow":["GET"]}}],"collection":[{"href":"https:\/\/www.cne.epilepsies.fr\/index.php?rest_route=\/wp\/v2\/pages"}],"about":[{"href":"https:\/\/www.cne.epilepsies.fr\/index.php?rest_route=\/wp\/v2\/types\/page"}],"author":[{"embeddable":true,"href":"https:\/\/www.cne.epilepsies.fr\/index.php?rest_route=\/wp\/v2\/users\/11"}],"replies":[{"embeddable":true,"href":"https:\/\/www.cne.epilepsies.fr\/index.php?rest_route=%2Fwp%2Fv2%2Fcomments&post=46"}],"version-history":[{"count":17,"href":"https:\/\/www.cne.epilepsies.fr\/index.php?rest_route=\/wp\/v2\/pages\/46\/revisions"}],"predecessor-version":[{"id":350,"href":"https:\/\/www.cne.epilepsies.fr\/index.php?rest_route=\/wp\/v2\/pages\/46\/revisions\/350"}],"up":[{"embeddable":true,"href":"https:\/\/www.cne.epilepsies.fr\/index.php?rest_route=\/wp\/v2\/pages\/223"}],"wp:attachment":[{"href":"https:\/\/www.cne.epilepsies.fr\/index.php?rest_route=%2Fwp%2Fv2%2Fmedia&parent=46"}],"curies":[{"name":"wp","href":"https:\/\/api.w.org\/{rel}","templated":true}]}}